What is 57f (base 16) in base 6?
10303
Convert -310 (base 4) to base 2.
-110100
Convert 14a (base 14) to base 9.
321
-d31 (base 15) to base 12
-1877
2120 (base 6) to base 14
264
What is 234500 (base 6) in base 4?
11000010
-23b0 (base 12) to base 10
-4020
2722 (base 9) to base 5
31140
Convert 2441202 (base 5) to base 16.
b55b
Convert -625 (base 8) to base 3.
-120000
What is -12212220 (base 4) in base 12?
-137a0
-4a68 (base 11) to base 6
-50332
What is -2c31 (base 13) in base 15?
-1dac
Convert -10062 (base 8) to base 5.
-113041
What is 444 (base 14) in base 8?
1514
Convert 10a5b (base 12) to base 14.
8171
What is -54b9 (base 12) in base 16?
-248d
Convert 10000101101 (base 2) to base 14.
565
Convert -16a (base 13) to base 6.
-1105
Convert 332111 (base 4) to base 9.
5422
3e1c (base 15) to base 7
53532
450 (base 7) to base 2
11100111
-10010111100 (base 2) to base 10
-1212
-13d (base 15) to base 13
-18a
Convert -270 (base 12) to base 16.
-174
Convert 11335 (base 7) to base 2.
101101100101
200 (base 5) to base 7
101
Convert 10044 (base 9) to base 13.
300a
Convert 24124 (base 5) to base 4.
123331
What is -529 (base 12) in base 3?
-1000220
Convert 10111110001 (base 2) to base 12.
a69
What is 785 (base 9) in base 10?
644
Convert -23101 (base 5) to base 4.
-121303
-2234 (base 9) to base 15
-751
Convert -308 (base 9) to base 4.
-3323
What is 1202221 (base 3) in base 4?
110032
What is 219 (base 10) in base 13?
13b
2532 (base 6) to base 8
1170
-3431 (base 5) to base 7
-1301
What is 484 (base 15) in base 9?
1357
1001010101111 (base 2) to base 4
1022233
313 (base 16) to base 2
1100010011
200201220 (base 3) to base 7
54552
1101010001 (base 2) to base 10
849
What is 11001000 (base 2) in base 5?
1300
Convert 22020 (base 4) to base 14.
344
What is -100000000000100 (base 2) in base 13?
-75c8
Convert -762f (base 16) to base 7.
-154131
Convert -2123 (base 4) to base 16.
-9b
What is bd45 (base 14) in base 15?
9ab3
-221303 (base 4) to base 6
-20215
2081 (base 15) to base 3
100102111
Convert 1c99 (base 15) to base 8.
14113
2002 (base 8) to base 9
1360
What is -1a7 (base 13) in base 15?
-156
Convert 111201 (base 3) to base 2.
101110010
What is 1110001010100 (base 2) in base 13?
33bb
-1104020 (base 5) to base 14
-703a
Convert 955 (base 11) to base 5.
14044
Convert 1320201 (base 4) to base 14.
2b4d
Convert c43 (base 15) to base 7.
11025
-26c7 (base 13) to base 12
-3283
426 (base 9) to base 6
1340
Convert -22232 (base 4) to base 2.
-1010101110
What is 315 (base 12) in base 6?
2025
Convert -1221210 (base 3) to base 15.
-650
-42a (base 16) to base 9
-1414
What is 14243 (base 7) in base 3?
12100112
What is -4457 (base 8) in base 14?
-bdd
101011111010 (base 2) to base 8
5372
Convert -32223 (base 4) to base 9.
-1253
What is -100011 (base 3) in base 15?
-117
4288 (base 13) to base 10
9238
a15 (base 13) to base 10
1708
Convert -1564 (base 7) to base 9.
-774
-530 (base 6) to base 10
-198
-10732 (base 8) to base 7
-16216
What is -11011100010 (base 2) in base 11?
-1362
Convert 15541 (base 15) to base 5.
4144221
1286 (base 10) to base 3
1202122
Convert -1001111111111 (base 2) to base 14.
-1c19
What is -30101 (base 4) in base 7?
-2201
Convert 7787 (base 12) to base 7.
53335
611 (base 8) to base 6
1453
Convert -22101 (base 3) to base 5.
-1401
What is -332 (base 12) in base 10?
-470
What is -3de (base 15) in base 10?
-884
What is 5ada (base 14) in base 5?
1001442
12613 (base 9) to base 10
8517
Convert 1111212 (base 3) to base 6.
5035
-1011000011 (base 2) to base 3
-222012
What is -421142 (base 5) in base 6?
-144242
Convert -b30 (base 12) to base 6.
-11300
What is 4552 (base 12) in base 10?
7694
-6ca6 (base 15) to base 10
-23106
What is -12122101 (base 3) in base 8?
-10022
Convert 5196 (base 11) to base 7.
26030
What is 60c (base 15) in base 4?
111102
What is 27b (base 15) in base 8?
1066
What is 4f6 (base 16) in base 2?
10011110110
Convert 319b (base 12) to base 14.
1db1
20027 (base 8) to base 15
267a
-71488 (base 9) to base 10
-47060
-3547 (base 11) to base 9
-6335
Convert 11000100000 (base 2) to base 10.
1568
-5965 (base 10) to base 11
-4533
101010010 (base 2) to base 9
415
46461 (base 8) to base 5
1113021
Convert 11101000001101 (base 2) to base 10.
14861
-56 (base 9) to base 16
-33
Convert -11785 (base 9) to base 6.
-100422
-914 (base 11) to base 12
-780
What is 6b1 (base 16) in base 4?
122301
What is -290 (base 10) in base 4?
-10202
Convert -602 (base 12) to base 2.
-1101100010
-70 (base 9) to base 5
-223
Convert -312213 (base 4) to base 5.
-102440
4da (base 15) to base 12
781
What is 225113 (base 6) in base 12?
b199
What is 24080 (base 12) in base 4?
23311200
What is 1111002212 (base 3) in base 5?
1413422
Convert 5435 (base 11) to base 15.
21d7
Convert 2424 (base 5) to base 4.
11230
Convert d91 (base 14) to base 9.
3602
What is -1144 (base 12) in base 14?
-9b6
2577 (base 14) to base 16
19ad
152 (base 9) to base 2
10000000
-21101 (base 3) to base 2
-11000111
What is 1504 (base 6) in base 14?
208
-56d (base 14) to base 6
-4553
Convert 394b6 (base 12) to base 5.
10002344
Convert -3239 (base 10) to base 14.
-1275
What is -1273 (base 9) in base 7?
-2535
Convert -1d7 (base 15) to base 16.
-1ab
a999 (base 13) to base 7
125566
Convert 94a (base 11) to base 12.
7b3
Convert -1b7 (base 13) to base 4.
-10333
-2030 (base 6) to base 9
-550
Convert -4713 (base 13) to base 2.
-10011100000011
Convert 88 (base 14) to base 4.
1320
What is -9b (base 16) in base 4?
-2123
10222021 (base 3) to base 11
21a3
Convert -125660 (base 7) to base 6.
-301312
What is 2c6 (base 14) in base 13?
347
What is 327 (base 14) in base 3?
212002
What is -1111332 (base 4) in base 15?
-196c
22130 (base 4) to base 6
3032
What is -3374 (base 9) in base 16?
-9c1
What is -146 (base 10) in base 13?
-b3
What is -67a (base 11) in base 4?
-30231
Convert -281 (base 15) to base 3.
-210011
What is 684 (base 9) in base 4?
20302
Convert 12130 (base 6) to base 4.
123312
Convert -21a (base 12) to base 5.
-2220
33bc (base 14) to base 13
4123
1203 (base 12) to base 7
5613
Convert -83d6 (base 14) to base 12.
-111a0
What is -26334 (base 7) in base 2?
-1101101111000
Convert 170 (base 9) to base 15.
99
What is d5bd (base 15) in base 3?
2021222021
Convert -1411 (base 9) to base 16.
-427
What is -372b (base 12) in base 16?
-1853
-6087 (base 10) to base 8
-13707
Convert 1271 (base 12) to base 5.
31401
-1000 (base 7) to base 14
-1a7
-2027 (base 9) to base 2
-10111001011
9c27 (base 13) to base 16
554a
Convert 10d58 (base 15) to base 2.
1101000110000001
11101001111 (base 2) to base 16
74f
-29a (base 14) to base 9
-646
Convert 3760 (base 12) to base 3.
22121000
Convert 522 (base 11) to base 3.
212022
Convert 144440 (base 5) to base 3.
22120022
Convert 112 (base 15) to base 4.
3302
3001 (base 4) to base 9
234
What is 1346 (base 7) in base 16?
20c
-142127 (base 8) to base 4
-30101113
What is -32033 (base 4) in base 2?
-1110001111
1864 (base 14) to base 7
15554
Convert -101220010 (base 3) to base 8.
-17405
4757 (base 9) to base 2
110111001111
What is -1321 (base 15) in base 5?
-112311
-344345 (base 6) to base 8
-71511
-40 (base 15) to base 7
-114
Convert -130230 (base 5) to base 8.
-11711
What is -9a1 (base 11) in base 6?
-5320
-9c8 (base 16) to base 6
-15332
-13 (base 15) to base 3
-200
What is 3a56 (base 11) in base 7?
21230
What is -100000111110 (base 2) in base 3?
-2220011
-1320 (base 4) to base 6
-320
-101111110111111 (base 2) to base 8
-57677
Convert -11010000 (base 2) to base 9.
-251
What is 2001120 (base 3) in base 14?
792
-10110010100 (base 2) to base 12
-9b0
1630 (base 7) to base 13
3b8
What is -a14 (base 11) in base 7?
-3400
What is 130341 (base 5) in base 8?
11750
What is 5ba (base 15) in base 11?
a82
10011 (base 2) to base 3
201
244000 (base 5) to base 10
9250
Convert 110110101110 (base 2) to base 11.
26a4
-3422 (base 5) to base 15
-227
-1010131 (base 4) to base 9
-6007
Convert -22012220 (base 4) to base 3.
-2002202202
What is -302311 (base 5) in base 15?
-2d21
What is 10032 (base 6) in base 7?
3560
What is 2a41 (base 12) in base 13?
2335
145231 (base 8) to base 13
1a7b8
Convert 3102441 (base 5) to base 14.
144dd
Convert 1d3 (base 14) to base 10.
381
-269 (base 10) to base 15
-12e
Convert 10000001 (base 3) to base 11.
170a
Convert -a86 (b